hest common divisor of 596 and 544?
4
Calculate the greatest common factor of 192795 and 300.
15
What is the highest common factor of 1463831 and 185?
37
Calculate the highest common divisor of 26745 and 15.
15
Calculate the highest common factor of 30 and 43914.
6
Calculate the highest common divisor of 21546 and 14877.
513
Calculate the highest common factor of 122417 and 1615.
323
What is the greatest common divisor of 56 and 3409?
7
Calculate the greatest common divisor of 19530 and 160425.
1395
Calculate the highest common divisor of 7625 and 375.
125
Calculate the highest common factor of 45 and 200007.
9
What is the highest common divisor of 414 and 210542?
46
Calculate the greatest common divisor of 44 and 21032.
44
Calculate the highest common divisor of 2928 and 432.
48
What is the greatest common divisor of 464 and 393704?
232
What is the highest common factor of 8144 and 992?
16
What is the highest common divisor of 623420 and 73?
73
What is the highest common divisor of 90 and 209930?
10
What is the highest common divisor of 681 and 166391?
227
Calculate the greatest common divisor of 344182 and 88298.
1802
What is the greatest common divisor of 1126 and 840559?
563
What is the greatest common factor of 32668 and 508?
4
What is the greatest common factor of 12070 and 50?
10
Calculate the greatest common factor of 804 and 58.
2
Calculate the highest common factor of 3356240 and 80.
80
What is the greatest common divisor of 1680 and 1132656?
336
Calculate the highest common factor of 30 and 657330.
30
Calculate the highest common factor of 3135 and 5700.
285
What is the highest common divisor of 53955 and 28710?
495
Calculate the greatest common divisor of 427 and 6085177.
427
What is the highest common divisor of 32905 and 20?
5
Calculate the greatest common divisor of 512 and 16272.
16
Calculate the highest common factor of 27 and 288.
9
What is the greatest common divisor of 77 and 30613?
11
Calculate the highest common divisor of 500 and 1058900.
100
What is the highest common divisor of 5831 and 1853?
17
Calculate the highest common divisor of 52344 and 8.
8
What is the highest common divisor of 4448 and 1600?
32
What is the greatest common divisor of 910 and 7462?
182
What is the highest common factor of 903 and 32501?
7
What is the greatest common factor of 968 and 2728?
88
What is the highest common divisor of 1080 and 6561?
27
What is the highest common divisor of 308 and 2615844?
308
Calculate the greatest common divisor of 12575 and 1509.
503
What is the highest common factor of 105 and 52140?
15
Calculate the greatest common factor of 32 and 740448.
32
Calculate the highest common divisor of 50 and 76975.
25
What is the greatest common factor of 15 and 3441435?
15
Calculate the highest common factor of 255430 and 2583.
287
Calculate the greatest common factor of 28434 and 42.
42
Calculate the greatest common divisor of 1675 and 15.
5
What is the highest common factor of 45565 and 5?
5
Calculate the greatest common divisor of 21 and 2163.
21
Calculate the highest common factor of 16096 and 3521.
503
Calculate the greatest common factor of 4880 and 22120.
40
Calculate the greatest common divisor of 141 and 107348.
47
What is the highest common factor of 364 and 952?
28
What is the greatest common factor of 1853 and 981?
109
Calculate the greatest common factor of 304 and 4636.
76
Calculate the greatest common divisor of 463474 and 22.
22
Calculate the highest common factor of 7288 and 1635245.
911
Calculate the highest common divisor of 36841 and 931.
133
What is the greatest common factor of 30 and 54426?
6
What is the greatest common factor of 173 and 501700?
173
What is the greatest common factor of 66590 and 4?
2
Calculate the highest common divisor of 45 and 50454.
9
What is the greatest common factor of 5341 and 1962?
109
What is the greatest common divisor of 27696 and 9809?
577
Calculate the greatest common divisor of 2756 and 79076.
212
Calculate the greatest common factor of 2480 and 97360.
80
Calculate the greatest common divisor of 85632 and 3345.
669
What is the highest common divisor of 205631 and 488?
61
Calculate the highest common factor of 67925 and 286.
143
Calculate the highest common factor of 16344 and 522.
18
Calculate the greatest common divisor of 90 and 49122.
18
Calculate the greatest common divisor of 25 and 98190.
5
Calculate the highest common divisor of 15250 and 43676.
122
What is the greatest common divisor of 612730 and 142?
142
What is the highest common divisor of 4288 and 14941?
67
What is the highest common divisor of 5731 and 704?
11
What is the greatest common factor of 807706 and 223?
223
Calculate the highest common divisor of 104 and 218392.
8
Calculate the highest common divisor of 675 and 58600.
25
Calculate the greatest common factor of 133 and 20558.
19
Calculate the highest common factor of 288998 and 458.
458
Calculate the highest common factor of 496 and 132152.
8
Calculate the highest common divisor of 825863 and 41.
41
Calculate the greatest common factor of 3938856 and 4383.
1461
What is the greatest common factor of 24 and 18184?
8
Calculate the highest common factor of 1020 and 2271200.
340
What is the highest common factor of 271816 and 2440?
488
What is the greatest common factor of 52657 and 3?
1
Calculate the highest common factor of 492 and 11603.
41
Calculate the greatest common divisor of 764 and 2827564.
764
What is the highest common factor of 10524 and 588?
12
What is the highest common divisor of 1270 and 5430?
10
What is the greatest common factor of 44822 and 1?
1
Calculate the greatest common factor of 18 and 108522.
18
Calculate the greatest common divisor of 2977 and 5083.
13
Calculate the highest common factor of 84 and 59115.
21
What is the greatest common factor of 198 and 4653?
99
Calculate the highest common factor of 9937 and 4370.
19
What is the greatest common factor of 31 and 2641231?
31
What is the greatest common factor of 422966 and 2370?
158
What is the highest common factor of 4654 and 260?
26
What is the greatest common factor of 24 and 7658120?
8
Calculate the highest common factor of 312 and 121836.
156
What is the highest common divisor of 2629 and 1067?
11
Calculate the highest common divisor of 14955 and 165.
15
Calculate the highest common divisor of 282 and 702.
6
What is the greatest common divisor of 3349 and 12478?
17
Calculate the greatest common divisor of 4275 and 300.
75
What is the highest common divisor of 2862224 and 48?
16
What is the highest common divisor of 156 and 3472?
4
What is the highest common divisor of 13218 and 300?
6
What is the greatest common factor of 23 and 606?
1
What is the highest common divisor of 360 and 2332710?
90
Calculate the greatest common factor of 18912 and 5122.
394
Calculate the greatest common factor of 1 and 18397.
1
What is the greatest common divisor of 2438 and 293302?
106
What is the greatest common divisor of 1544 and 10888?
8
What is the greatest common divisor of 12588 and 372?
12
Calculate the greatest common divisor of 154581 and 306.
51
Calculate the greatest common factor of 904224 and 288.
96
Calculate the greatest common factor of 7728 and 465360.
336
What is the greatest common divisor of 380 and 209665?
95
What is the greatest common factor of 436333 and 854?
61
What is the greatest common divisor of 37425 and 225?
75
Calculate the greatest common divisor of 4992702 and 506.
506
Calculate the highest common factor of 19849 and 10557.
23
What is the highest common factor of 107240 and 980?
140
What is the greatest common factor of 7869 and 9546?
129
Calculate the greatest common divisor of 142 and 274273.
71
Calculate the highest common factor of 131 and 5520995.
131
What is the highest common factor of 422 and 63089?
211
What is the greatest common divisor of 174 and 4971354?
174
What is the greatest common factor of 26705 and 30625?
245
Calculate the greatest common divisor of 40 and 9332560.
40
Calculate the highest common divisor of 1820 and 3060.
20
Calculate the greatest common factor of 362925 and 4275.
225
What is the highest common divisor of 1186039 and 34?
17
Calculate the highest common factor of 8489 and 52.
13
Calculate the highest common divisor of 1976 